{"id":1192,"date":"2018-10-29T04:16:44","date_gmt":"2018-10-29T03:16:44","guid":{"rendered":"https:\/\/7aufweltreise.de\/?page_id=1192"},"modified":"2019-10-20T01:08:13","modified_gmt":"2019-10-19T23:08:13","slug":"die-sieben-weltreisenden","status":"publish","type":"page","link":"https:\/\/7aufweltreise.de\/index.php\/die-sieben-weltreisenden\/","title":{"rendered":"Die sieben Weltreisenden"},"content":{"rendered":"\n<h3><strong>Das sind wir, die sieben Oppens:<\/strong><\/h3>\n\n\n\n<h3><strong>Marko und Franzi<\/strong><\/h3>\n\n\n\n<figure class=\"wp-block-image is-resized\"><a href=\"https:\/\/7aufweltreise.de\/index.php\/2018\/11\/17\/conzelman-road-und-kueste-nach-sueden-san-francisco-4\/dsc_3578\/\" rel=\"attachment wp-att-1400\"><img decoding=\"async\" loading=\"lazy\" src=\"https:\/\/7aufweltreise.de\/wp-content\/uploads\/2018\/11\/DSC_3578-400x266.jpg\" alt=\"\" class=\"wp-image-1400\" width=\"534\" height=\"355\" srcset=\"https:\/\/7aufweltreise.de\/wp-content\/uploads\/2018\/11\/DSC_3578-400x266.jpg 400w, https:\/\/7aufweltreise.de\/wp-content\/uploads\/2018\/11\/DSC_3578-768x510.jpg 768w, https:\/\/7aufweltreise.de\/wp-content\/uploads\/2018\/11\/DSC_3578-1536x1020.jpg 1536w\" sizes=\"(max-width: 534px) 100vw, 534px\" \/><\/a><\/figure>\n\n\n\n<p>Marko<\/p>\n\n\n\n<p>Reisefreudiger Radfahrer und ideenreicher Queerdenker, IT-Spezialist, Finanzexperte und endlich Zeit habender Papa von f\u00fcnf Jungs.<\/p>\n\n\n\n<p>Franzi<\/p>\n\n\n\n<p>&#8222;Diese Reise ist f\u00fcr mich das verbindende Puzzleteil unserer Familiengeschichte. Ich hab oft gedacht, dass sich unser Weg nicht rund anf\u00fchlt, wir irgendwie feststecken zwischen der Idee, wie wir als Paar miteinander sein und unsere Kinder beim Gro\u00dfwerden begleiten m\u00f6chten und dem Weg, der uns in Stuttgart vorgezeichnet war. Das zu Durchbrechen und dabei die Welt zu entdecken ist ein unglaubliches Geschenk f\u00fcr mich.&#8220;<\/p>\n\n\n\n<h3>Livius, geb. 2006<\/h3>\n\n\n\n<figure class=\"wp-block-image alignnone is-resized\"><a href=\"https:\/\/7aufweltreise.de\/dsc_5189\/\"><img decoding=\"async\" loading=\"lazy\" src=\"https:\/\/7aufweltreise.de\/wp-content\/uploads\/2019\/07\/img_6102-e1564372287212-1152x1536.jpg\" alt=\"\" class=\"wp-image-3752\" width=\"433\" height=\"577\" srcset=\"https:\/\/7aufweltreise.de\/wp-content\/uploads\/2019\/07\/img_6102-e1564372287212-1152x1536.jpg 1152w, https:\/\/7aufweltreise.de\/wp-content\/uploads\/2019\/07\/img_6102-e1564372287212-300x400.jpg 300w, https:\/\/7aufweltreise.de\/wp-content\/uploads\/2019\/07\/img_6102-e1564372287212-768x1024.jpg 768w\" sizes=\"(max-width: 433px) 100vw, 433px\" \/><\/a><\/figure>\n\n\n\n<p>Hartn\u00e4ckiger Vork\u00e4mpfer und Wegbereiter unter dessen harter Schale ein weicher Kern verborgen liegt. Livius geht geradlinig seinen Weg und wir versuchen, diesen auszupolstern wo es geht und wann immer es uns gelingt (es klappt nicht immer). Ihn wird diese Reise nicht nur um die Welt sondern auch aus der Kindheit f\u00fchren. Ein spannender und bisweilen schon anstrengender Prozess.<\/p>\n\n\n\n<p>&#8222;Auf Sydney freue ich mich sehr. Mit Silas und Ayla in der Black Rock Bouldering Gym in Phoenix zu bouldern war besonders toll. Das w\u00fcrde ich jetzt gern in jeder gro\u00dfen Stadt machen.&#8220;<\/p>\n\n\n\n<h3><strong>Valentin<\/strong>, geb. 2008<\/h3>\n\n\n\n<figure class=\"wp-block-image alignnone is-resized\"><a href=\"https:\/\/7aufweltreise.de\/index.php\/2018\/10\/19\/111-tage-weltreise-was-hat-das-mit-uns-gemacht\/dsc_2831\/\" rel=\"attachment wp-att-1036\"><img decoding=\"async\" loading=\"lazy\" src=\"https:\/\/7aufweltreise.de\/wp-content\/uploads\/2019\/10\/DSC_9468-1020x1536.jpg\" alt=\"\" class=\"wp-image-4373\" width=\"433\" height=\"652\" srcset=\"https:\/\/7aufweltreise.de\/wp-content\/uploads\/2019\/10\/DSC_9468-1020x1536.jpg 1020w, https:\/\/7aufweltreise.de\/wp-content\/uploads\/2019\/10\/DSC_9468-266x400.jpg 266w, https:\/\/7aufweltreise.de\/wp-content\/uploads\/2019\/10\/DSC_9468-768x1156.jpg 768w\" sizes=\"(max-width: 433px) 100vw, 433px\" \/><\/a><\/figure>\n\n\n\n<p>Angehender Ingenieur, feinf\u00fchlige Sportskanone mit riesiger Geduld und unersch\u00f6pflicher Liebe zu allen Kreaturen. Auch bei ihm klopfen die Hormone gelegentlich schon an die T\u00fcr.<\/p>\n\n\n\n<p>&#8222;Ich freue mich auch besonders auf Australien. Dar\u00fcber hab ich von Mama und Papa schon viel geh\u00f6rt, vor allem m\u00f6chte ich gern K\u00e4ngurus sehen.<br>Bisher hat mir alles gut gefallen. Mit dem Lied &#8218;San Francisco&#8216; \u00fcber die Golden Gate Bridge zu fahren war toll.&#8220;<\/p>\n\n\n\n<h3><strong>Loris<\/strong>, geb. 2010<\/h3>\n\n\n\n<figure class=\"wp-block-image alignnone is-resized\"><a href=\"https:\/\/7aufweltreise.de\/index.php\/2018\/12\/07\/29-11-5-12-phoenix-schwaebisches-meet-greet\/dsc_4807\/\" rel=\"attachment wp-att-1840\"><img decoding=\"async\" loading=\"lazy\" src=\"https:\/\/7aufweltreise.de\/wp-content\/uploads\/2019\/09\/DSC_9101-1536x1020.jpg\" alt=\"\" class=\"wp-image-4271\" width=\"599\" height=\"398\" srcset=\"https:\/\/7aufweltreise.de\/wp-content\/uploads\/2019\/09\/DSC_9101-1536x1020.jpg 1536w, https:\/\/7aufweltreise.de\/wp-content\/uploads\/2019\/09\/DSC_9101-400x266.jpg 400w, https:\/\/7aufweltreise.de\/wp-content\/uploads\/2019\/09\/DSC_9101-768x510.jpg 768w\" sizes=\"(max-width: 599px) 100vw, 599px\" \/><\/a><\/figure>\n\n\n\n<p>Fr\u00f6hlicher Querdenker mit ausgepr\u00e4gter Sammlerleidenschaft und endloser Fantasie. Loris denkt um jede Ecke, gern auch um mehrere gleichzeitig und ertappt mich immer dabei, wenn ich mal wieder nicht richtig zuh\u00f6re. Er l\u00e4sst sich gern die Dinge auf der Zunge zergehen, was besonders beim Essen dazu f\u00fchrt, dass er stets aufpassen muss, genug zu bekommen. Wenn ihr mich fragt: Philosoph oder Koch, oder beides.<\/p>\n\n\n\n<p>Zur Weltreise sagt er: &#8222;F\u00fcr mich war die sch\u00f6nste Stadt bisher Las Vegas. Da haben wir Paris, New York, Venedig und Luxor auf einmal gesehen. Auf die exotischen Fr\u00fcchte freue ich mich schon sehr, besonders gern mag ich Ananas, Mango und Granat\u00e4pfel.&#8220;<\/p>\n\n\n\n<h3><strong>Florentin<\/strong>, geb. 2011<\/h3>\n\n\n\n<figure class=\"wp-block-image alignnone is-resized\"><img decoding=\"async\" loading=\"lazy\" src=\"https:\/\/7aufweltreise.de\/wp-content\/uploads\/2019\/09\/DSC_8873-1536x1020.jpg\" alt=\"\" class=\"wp-image-4101\" width=\"608\" height=\"403\" srcset=\"https:\/\/7aufweltreise.de\/wp-content\/uploads\/2019\/09\/DSC_8873-1536x1020.jpg 1536w, https:\/\/7aufweltreise.de\/wp-content\/uploads\/2019\/09\/DSC_8873-400x266.jpg 400w, https:\/\/7aufweltreise.de\/wp-content\/uploads\/2019\/09\/DSC_8873-768x510.jpg 768w\" sizes=\"(max-width: 608px) 100vw, 608px\" \/><\/figure>\n\n\n\n<p>Unsere energiegeladene Wundert\u00fcte tr\u00e4gt von jedem seiner gro\u00dfen Br\u00fcder etwas in sich &#8211; Livis Geradlinigkeit, Valentins Sportlergeist und viel Fantasie, am liebsten MIT Loris. Mit Charme und Witz vermag Flo jeden um den Finger zu wickeln, wenn, ja wenn er sich nicht grad ungerecht behandelt f\u00fchlt (was mit acht Jahren und drei gro\u00dfen Br\u00fcdern leider oft vorkommt). In ihm ist das Gef\u00fchl IMMER zu kurz zu kommen am tiefsten verwurzelt \ud83d\ude09<\/p>\n\n\n\n<p>Zur Weltreise sagt er: &#8222;Ich freue mich besonders auf alle Tiere &#8211; \u00fcberall.&#8220;<\/p>\n\n\n\n<h3><strong>Bennett<\/strong>, geb. 2016<\/h3>\n\n\n\n<figure class=\"wp-block-image alignnone is-resized\"><a href=\"https:\/\/7aufweltreise.de\/index.php\/2018\/12\/04\/22-25-11-lake-mead-und-valley-of-fire-nach-schoen-kommt-schoener-und-schoener-und-schoener\/dsc_4570\/\" rel=\"attachment wp-att-1646\"><img decoding=\"async\" loading=\"lazy\" src=\"https:\/\/7aufweltreise.de\/wp-content\/uploads\/2019\/08\/img_6670-1151x1536.jpg\" alt=\"\" class=\"wp-image-3930\" width=\"430\" height=\"573\" srcset=\"https:\/\/7aufweltreise.de\/wp-content\/uploads\/2019\/08\/img_6670-1151x1536.jpg 1151w, https:\/\/7aufweltreise.de\/wp-content\/uploads\/2019\/08\/img_6670-300x400.jpg 300w, https:\/\/7aufweltreise.de\/wp-content\/uploads\/2019\/08\/img_6670-768x1025.jpg 768w\" sizes=\"(max-width: 430px) 100vw, 430px\" \/><\/a><\/figure>\n\n\n\n<p>Bennett ist das j\u00fcngste Mitglied unserer Gemeinschaft und kommt in den unglaublichen Genuss, seine vier gro\u00dfen Br\u00fcder den ganzen Tag um sich zu haben (uns nat\u00fcrlich auch, aber ich glaube, Br\u00fcder sind besonderer \ud83d\ude09). Das gr\u00f6\u00dfte f\u00fcr ihn ist, wenn er erfolgreich einen der Jungs mit ausgestreckter Hand auffordert, mit ihm zum Spielplatz oder ans Meer zu gehen. Dann h\u00fcpft er vor Gl\u00fcck und der Auserw\u00e4hlte kann nicht anders, als es ihm gleich zu tun.<\/p>\n\n\n\n<p>Bennett hat ein zartes Wesen und liebt zum Ausgleich alle gro\u00dfen und lauten Fahr- und Flugzeuge. Unsere Reise wird f\u00fcr ihn wohl vor allem eins sein: eine verbindende, pr\u00e4gende und intensive Familienzeit.<\/p>\n","protected":false},"excerpt":{"rendered":"<p>Das sind wir, die sieben Oppens: Marko und Franzi Marko Reisefreudiger Radfahrer und ideenreicher Queerdenker, IT-Spezialist, Finanzexperte und endlich Zeit habender Papa von f\u00fcnf Jungs. Franzi &#8222;Diese Reise ist f\u00fcr mich das verbindende Puzzleteil unserer Familiengeschichte. Ich hab oft gedacht,<\/p>\n","protected":false},"author":2,"featured_media":872,"parent":0,"menu_order":0,"comment_status":"open","ping_status":"closed","template":"","meta":[],"yoast_head":"<!-- This site is optimized with the Yoast SEO plugin v20.13 - https:\/\/yoast.com\/wordpress\/plugins\/seo\/ -->\n<title>Die sieben Weltreisenden - 7 auf Weltreise<\/title>\n<meta name=\"robots\" content=\"index, follow, max-snippet:-1, max-image-preview:large, max-video-preview:-1\" \/>\n<link rel=\"canonical\" href=\"https:\/\/7aufweltreise.de\/index.php\/die-sieben-weltreisenden\/\" \/>\n<meta property=\"og:locale\" content=\"de_DE\" \/>\n<meta property=\"og:type\" content=\"article\" \/>\n<meta property=\"og:title\" content=\"Die sieben Weltreisenden - 7 auf Weltreise\" \/>\n<meta property=\"og:description\" content=\"Das sind wir, die sieben Oppens: Marko und Franzi Marko Reisefreudiger Radfahrer und ideenreicher Queerdenker, IT-Spezialist, Finanzexperte und endlich Zeit habender Papa von f\u00fcnf Jungs. Franzi &#8222;Diese Reise ist f\u00fcr mich das verbindende Puzzleteil unserer Familiengeschichte. Ich hab oft gedacht,\" \/>\n<meta property=\"og:url\" content=\"https:\/\/7aufweltreise.de\/index.php\/die-sieben-weltreisenden\/\" \/>\n<meta property=\"og:site_name\" content=\"7 auf Weltreise\" \/>\n<meta property=\"article:publisher\" content=\"https:\/\/www.facebook.com\/7aufweltreise.de\/\" \/>\n<meta property=\"article:modified_time\" content=\"2019-10-19T23:08:13+00:00\" \/>\n<meta property=\"og:image\" content=\"https:\/\/7aufweltreise.de\/wp-content\/uploads\/2018\/09\/img_1379-e1547007942653.jpg\" \/>\n\t<meta property=\"og:image:width\" content=\"3641\" \/>\n\t<meta property=\"og:image:height\" content=\"1820\" \/>\n\t<meta property=\"og:image:type\" content=\"image\/jpeg\" \/>\n<meta name=\"twitter:card\" content=\"summary_large_image\" \/>\n<meta name=\"twitter:label1\" content=\"Gesch\u00e4tzte Lesezeit\" \/>\n\t<meta name=\"twitter:data1\" content=\"3\u00a0Minuten\" \/>\n<script type=\"application\/ld+json\" class=\"yoast-schema-graph\">{\"@context\":\"https:\/\/schema.org\",\"@graph\":[{\"@type\":\"WebPage\",\"@id\":\"https:\/\/7aufweltreise.de\/index.php\/die-sieben-weltreisenden\/\",\"url\":\"https:\/\/7aufweltreise.de\/index.php\/die-sieben-weltreisenden\/\",\"name\":\"Die sieben Weltreisenden - 7 auf Weltreise\",\"isPartOf\":{\"@id\":\"https:\/\/7aufweltreise.de\/#website\"},\"datePublished\":\"2018-10-29T03:16:44+00:00\",\"dateModified\":\"2019-10-19T23:08:13+00:00\",\"breadcrumb\":{\"@id\":\"https:\/\/7aufweltreise.de\/index.php\/die-sieben-weltreisenden\/#breadcrumb\"},\"inLanguage\":\"de\",\"potentialAction\":[{\"@type\":\"ReadAction\",\"target\":[\"https:\/\/7aufweltreise.de\/index.php\/die-sieben-weltreisenden\/\"]}]},{\"@type\":\"BreadcrumbList\",\"@id\":\"https:\/\/7aufweltreise.de\/index.php\/die-sieben-weltreisenden\/#breadcrumb\",\"itemListElement\":[{\"@type\":\"ListItem\",\"position\":1,\"name\":\"Startseite\",\"item\":\"https:\/\/7aufweltreise.de\/\"},{\"@type\":\"ListItem\",\"position\":2,\"name\":\"Die sieben Weltreisenden\"}]},{\"@type\":\"WebSite\",\"@id\":\"https:\/\/7aufweltreise.de\/#website\",\"url\":\"https:\/\/7aufweltreise.de\/\",\"name\":\"7 auf Weltreise\",\"description\":\"Willkommen auf unserem Weltreise-Blog. Sieben Menschen, eine Reise, zur\u00fcck zum Familiengl\u00fcck. Die Geschichte unserer Auszeit in der Welt. \",\"potentialAction\":[{\"@type\":\"SearchAction\",\"target\":{\"@type\":\"EntryPoint\",\"urlTemplate\":\"https:\/\/7aufweltreise.de\/?s={search_term_string}\"},\"query-input\":\"required name=search_term_string\"}],\"inLanguage\":\"de\"}]}<\/script>\n<!-- \/ Yoast SEO plugin. -->","yoast_head_json":{"title":"Die sieben Weltreisenden - 7 auf Weltreise","robots":{"index":"index","follow":"follow","max-snippet":"max-snippet:-1","max-image-preview":"max-image-preview:large","max-video-preview":"max-video-preview:-1"},"canonical":"https:\/\/7aufweltreise.de\/index.php\/die-sieben-weltreisenden\/","og_locale":"de_DE","og_type":"article","og_title":"Die sieben Weltreisenden - 7 auf Weltreise","og_description":"Das sind wir, die sieben Oppens: Marko und Franzi Marko Reisefreudiger Radfahrer und ideenreicher Queerdenker, IT-Spezialist, Finanzexperte und endlich Zeit habender Papa von f\u00fcnf Jungs. Franzi &#8222;Diese Reise ist f\u00fcr mich das verbindende Puzzleteil unserer Familiengeschichte. Ich hab oft gedacht,","og_url":"https:\/\/7aufweltreise.de\/index.php\/die-sieben-weltreisenden\/","og_site_name":"7 auf Weltreise","article_publisher":"https:\/\/www.facebook.com\/7aufweltreise.de\/","article_modified_time":"2019-10-19T23:08:13+00:00","og_image":[{"width":3641,"height":1820,"url":"https:\/\/7aufweltreise.de\/wp-content\/uploads\/2018\/09\/img_1379-e1547007942653.jpg","type":"image\/jpeg"}],"twitter_card":"summary_large_image","twitter_misc":{"Gesch\u00e4tzte Lesezeit":"3\u00a0Minuten"},"schema":{"@context":"https:\/\/schema.org","@graph":[{"@type":"WebPage","@id":"https:\/\/7aufweltreise.de\/index.php\/die-sieben-weltreisenden\/","url":"https:\/\/7aufweltreise.de\/index.php\/die-sieben-weltreisenden\/","name":"Die sieben Weltreisenden - 7 auf Weltreise","isPartOf":{"@id":"https:\/\/7aufweltreise.de\/#website"},"datePublished":"2018-10-29T03:16:44+00:00","dateModified":"2019-10-19T23:08:13+00:00","breadcrumb":{"@id":"https:\/\/7aufweltreise.de\/index.php\/die-sieben-weltreisenden\/#breadcrumb"},"inLanguage":"de","potentialAction":[{"@type":"ReadAction","target":["https:\/\/7aufweltreise.de\/index.php\/die-sieben-weltreisenden\/"]}]},{"@type":"BreadcrumbList","@id":"https:\/\/7aufweltreise.de\/index.php\/die-sieben-weltreisenden\/#breadcrumb","itemListElement":[{"@type":"ListItem","position":1,"name":"Startseite","item":"https:\/\/7aufweltreise.de\/"},{"@type":"ListItem","position":2,"name":"Die sieben Weltreisenden"}]},{"@type":"WebSite","@id":"https:\/\/7aufweltreise.de\/#website","url":"https:\/\/7aufweltreise.de\/","name":"7 auf Weltreise","description":"Willkommen auf unserem Weltreise-Blog. Sieben Menschen, eine Reise, zur\u00fcck zum Familiengl\u00fcck. Die Geschichte unserer Auszeit in der Welt. ","potentialAction":[{"@type":"SearchAction","target":{"@type":"EntryPoint","urlTemplate":"https:\/\/7aufweltreise.de\/?s={search_term_string}"},"query-input":"required name=search_term_string"}],"inLanguage":"de"}]}},"_links":{"self":[{"href":"https:\/\/7aufweltreise.de\/index.php\/wp-json\/wp\/v2\/pages\/1192"}],"collection":[{"href":"https:\/\/7aufweltreise.de\/index.php\/wp-json\/wp\/v2\/pages"}],"about":[{"href":"https:\/\/7aufweltreise.de\/index.php\/wp-json\/wp\/v2\/types\/page"}],"author":[{"embeddable":true,"href":"https:\/\/7aufweltreise.de\/index.php\/wp-json\/wp\/v2\/users\/2"}],"replies":[{"embeddable":true,"href":"https:\/\/7aufweltreise.de\/index.php\/wp-json\/wp\/v2\/comments?post=1192"}],"version-history":[{"count":17,"href":"https:\/\/7aufweltreise.de\/index.php\/wp-json\/wp\/v2\/pages\/1192\/revisions"}],"predecessor-version":[{"id":4436,"href":"https:\/\/7aufweltreise.de\/index.php\/wp-json\/wp\/v2\/pages\/1192\/revisions\/4436"}],"wp:featuredmedia":[{"embeddable":true,"href":"https:\/\/7aufweltreise.de\/index.php\/wp-json\/wp\/v2\/media\/872"}],"wp:attachment":[{"href":"https:\/\/7aufweltreise.de\/index.php\/wp-json\/wp\/v2\/media?parent=1192"}],"curies":[{"name":"wp","href":"https:\/\/api.w.org\/{rel}","templated":true}]}}